j + 2. Let n(i) = 3 + 2*i**2 - 3. Suppose -6*c + 2 = -4*c. Let v be n(c). Give u(v).
-8
Let j(p) = -15 + 8*p - p**2 + 15. What is j(5)?
15
Let r(c) = -c**3 - 4*c**2 + c + 1. Let p(l) = l**3 - 10*l**2 + l - 14. Suppose -q + 16 = -2*o, -2*q + 4*o + 22 = -q. Let d be p(q). What is r(d)?
-3
Let a(k) = 2*k - 12. Let v(j) = -j + 4. Let z(y) = 3*a(y) + 10*v(y). Determine z(-3).
16
Let v(i) = i**3 + 4*i**2 - 4. Suppose -5*l + 2*s = -30, -21 = -4*l + s - 0*s. Let k = -8 + l. Calculate v(k).
-4
Let h(c) be the second derivative of 2*c**3/3 - c**2/2 - 21*c. Calculate h(1).
3
Let j(d) be the second derivative of -d**6/360 + d**5/24 + 7*d**4/24 - d**3/2 - 4*d. Let x(p) be the second derivative of j(p). What is x(5)?
7
Let i(d) be the first derivative of 3 - 1/3*d**3 + 2*d - 1/2*d**2 + 1/4*d**4. Give i(0).
2
Let c = 5 + -7. Let n(u) be the second derivative of u**3/2 - u**2/2 + 2*u. Give n(c).
-7
Let l(d) = d**2 - 7*d + 5. Let u be l(4). Let g(w) = 2*w + 8. What is g(u)?
-6
Suppose 4*p = -4*x + 4, 4*x + p - 4 = -0*x. Suppose -2*b + x - 5 = 0. Let g(t) be the first derivative of t**4/2 + 4*t**3/3 + t**2 - t - 3. What is g(b)?
-5
Suppose 13 = 5*d - 12. Let c(q) be the third derivative of q**4/24 + q**3/3 - q**2. Determine c(d).
7
Let j(a) = 8 + 10*a - 6*a + 0*a**2 - a**2. What is j(6)?
-4
Let c be (-6 + 3)*(-3 + -1). Let r = c - 18. Let v = -9 - r. Let y(a) = -2*a - 2. Give y(v).
4
Let c(u) = u**2 - 3*u - 4. Let x(y) = -4*y - 1. Let p be x(1). Suppose -s + 16 = 3*r + 3*s, 2*s + 4 = 0. Let o = r + p. Give c(o).
-4
Let b(p) = p**2 + p + 1. Let s(j) = -2*j**2 - 7*j + 8. Let z(t) = b(t) + s(t). Determine z(-7).
2
Let p(u) = u**3 + 4*u**2 - 4*u + 7. Let f(t) be the second derivative of -t**3/6 + t**2/2 + 2*t. Let q(b) = 5*f(b) - p(b). Let n be 1/1*1*-3. What is q(n)?
-8
Let f(v) be the second derivative of 0*v**2 + 0*v**3 - 4*v + 1/180*v**6 + 0 + 1/30*v**5 + 1/6*v**4. Let l(g) be the third derivative of f(g). Calculate l(-3).
-8
Let r(q) = q**3 + 7*q**2 + 6*q - 6. Let j be r(-6). Let y be (5/(-2))/(10/(-20)). Let z(i) = 0*i**2 - 6*i + 2*i**2 - i**2 - 2*i**2 + y. What is z(j)?
5
Let c(l) = -l. Let t(a) = -27*a - 3. Let g(p) = 18*c(p) - t(p). What is g(-2)?
-15
Let c = 7 + -8. Let m(i) = -5*i**3 + i**2 - 1. Calculate m(c).
5
Let g(s) = s**2 + s - 3. Let b(c) be the first derivative of -c**2/2 + 8*c + 4. Let x be b(6). Suppose t = o, x*o + 0*o - 9 = 5*t. Give g(t).
3
Let a(m) = -m**3 - m**2 + 2. Suppose 2*k - 6*k = 4*f - 20, -k + 5 = 0. Calculate a(f).
2
Let t(w) = 0*w + 5 + w - 8 + 4*w**2 + w**3. Give t(-4).
-7
Let t(w) = -w - 10. Let q(j) = 1. Let x(z) = -2*q(z) - t(z). Calculate x(8).
16
Let o(f) = -f**3 + f**2 - f - 1. Let r be (-1)/(-4)*0/(-5). Give o(r).
-1
Let c(g) be the second derivative of 1/6*g**4 - 1/20*g**5 + 0*g**2 + 0 + 1/6*g**3 + 3*g. Calculate c(-1).
2
Let c(x) = x - 1. Let j be c(-1). Let m(i) = -i + 1. Calculate m(j).
3
Let j(f) be the first derivative of -f**3/6 + 7*f**2/2 + 3*f - 2. Let y(c) be the first derivative of j(c). Calculate y(3).
4
Let u be 4/10 - (-12)/(-30). Let x(c) be the first derivative of 3*c - 1 + 1/3*c**3 + 1/4*c**4 - 1/2*c**2. What is x(u)?
3
Suppose 2*s + 41 = 5*g, 21 = s - 2*s + 3*g. Let u be 10/(-45) - 58/s. Suppose i + 2*c + u = -1, 3*i - 3*c = 6. Let x(w) = w**3 + w**2 - w + 4. Calculate x(i).
4
Let f(l) = l**2 + l - 1. Let m = -1 - 11. Let w = 15 + m. Determine f(w).
11
Let k(q) = 6*q**2 - q - 1. Let f(u) = 5*u**2 - u - 1. Let t(a) = 5*f(a) - 4*k(a). Suppose n = -76 + 31. Let d be n/(-10) + 6/(-4). What is t(d)?
5
Let y(w) = w - 9. Let j be y(11). Let n(g) = -7*g. Let q(d) = -3*d. Let p(h) = j*n(h) - 5*q(h). Let l = -4 - 1. Give p(l).
-5
Let i(v) = -v**2 + 8*v - 6. Suppose -3 = 3*m, -m + 10 = 2*r + 1. Determine i(r).
9
Let w(j) be the first derivative of j**4/4 - 2*j**3 + 3*j**2 - 3*j - 2. Suppose -7 = -2*r + 3. Give w(r).
2
Suppose 0 = 4*w + 2 + 2. Let l be 0*1/(2 + w). Let m = l - -3. Let u(a) = 2*a - 2. Determine u(m).
4
Let c = -4 - -6. Let q(j) = -c + 2 - 1 - 2*j + j. Determine q(-5).
4
Let y(i) = 6*i**3 - 24*i**2 + 24*i + 1. Let t(a) = -5*a + 4*a**2 - 20 - a**3 + 20 + a**2. Let x(z) = 11*t(z) + 2*y(z). Calculate x(-8).
-6
Let r be (1/(-3))/((-1)/3). Let t(a) = 1 - r - 3*a - 1 - 4. What is t(-4)?
7
Let h(y) be the second derivative of -y**4/12 - y**3/6 - y**2 + 2*y. Suppose -12*w + 3 = -13*w. What is h(w)?
-8
Let s(y) = -3*y. Let x(h) = -11*h + 6. Let l(j) = 5*s(j) - x(j). Suppose 0*v + 8 = -2*v. Calculate l(v).
10
Let s(y) = -y**3 + 29*y**2 - 29*y + 20. Let c be s(28). Let f(j) = j**2 + 7*j - 3. What is f(c)?
5
Let p(h) = h - 6. Suppose 9*w - 48 = w. Let y be (1 - -1)/(2/15). Suppose 2*m = w*i - 11*i + 35, 0 = -i + 4*m - y. Give p(i).
-1
Let s(w) = 3*w**2 - 2*w. Suppose 2*o = -3*o + 5*y - 35, 0 = 2*o + y - 1. Calculate s(o).
16
Let j(q) = 5*q**3 + 2*q**2 - 1. Let t be j(1). Let a(n) = 8 + 5*n**2 + 4*n - 3*n**2 - 3*n**2. Determine a(t).
-4
Let x(c) = c**2 + 5*c - 7. Suppose 4*d = 3*s - 11, d = -2*d + s - 7. Let t be (3/6)/(d/(-16)). Suppose -29 = 5*g - 4*w, -t*w + 14 + 0 = -2*g. What is x(g)?
-7
Let b(q) be the second derivative of -q**5/10 + q**4/3 - q**3/3 - 27*q. Calculate b(2).
-4
Let y(d) be the first derivative of d**4/4 + 5*d**3/3 + 3*d**2 + 3*d - 4. Calculate y(-4).
-5
Let z(f) = 6 - 1 - 5 - 6*f. Calculate z(1).
-6
Let c(m) = 19*m**2 + 7 - 9*m + 0*m**3 + 3*m**3 - m**3 - m**3. Let t(l) = l + 2 - 4*l + 5*l**2 + l**2. Let x(q) = 2*c(q) - 7*t(q). Calculate x(2).
6
Let w(o) = -o + 6. Let g be w(6). Let q(l) = -5 + 3*l + 0*l + g*l + 0*l. Give q(6).
13
Let w(a) = a**3 + 6*a**2 - 2*a - 3. Let h be (-62)/10 + 3/15. Calculate w(h).
9
Let w be ((-18)/12)/((-3)/4). Let l(n) = -1 - n**2 + 0*n**2 - w*n + 7. Let j = -7 - -2. Calculate l(j).
-9
Let i(q) = 14*q**2 + 7*q. Let j(b) = -27*b**2 - 13*b. Let p(v) = 11*i(v) + 6*j(v). Calculate p(-1).
-7
Let a(w) = w**2 + 14*w + 2. Let i be a(-14). Let n(s) = -3*s - 1. What is n(i)?
-7
Let b(i) = -i**2 + i. Let r be b(3). Suppose -y + 1 = -5. Let q = y + r. Let l(k) = -k**2 - k - 2. Calculate l(q).
-2
Let t(i) = -3*i**2 - 6. Let v(f) = -4*f**2 - f - 6. Let a(j) = 3*t(j) - 2*v(j). What is a(4)?
-14
Let c be 2/(3/(-18)*-3). Let i(n) = 2*n + n**2 - 3*n - 2*n**2 - c*n. What is i(-4)?
4
Let w(i) = -i**2 + 5*i + 5. Suppose 2*s - 20 = -0*s. Let m = s - 5. Let f be w(m). Let v(l) = -l + 6. Determine v(f).
1
Let g(z) = 5*z**3 - 4*z + 4. Let w(m) = -4*m**3 - m**2 + 3*m - 4. Let o(j) = 3*g(j) + 4*w(j). Calculate o(-4).
-4
Let a(c) = 2*c**2 - 2. Let d(y) = y + 12. Let v be d(-9). Suppose 0*n - v*n - 2*q - 6 = 0, 5*n - 3*q + 10 = 0. Determine a(n).
6
Let c(n) = 2*n + 4. Let q be 3/((-3)/10) - -3. Let z = 4 + q. Give c(z).
-2
Let f(k) = 2*k + 1. Suppose 252 - 28 = 28*j. Determine f(j).
17
Let z(i) be the first derivative of -i**5/120 - 7*i**4/24 + 2*i**3 + 6. Let p(w) be the third derivative of z(w). What is p(-4)?
-3
Let a(i) = 4*i - 3*i + 6*i**2 - 2*i. Suppose 4 = 5*x - 1. Determine a(x).
5
Let d be 36/(16/(-4)) + 4. Let m(l) = -5 + 3 + 6*l - 2*l - 1. Let t(g) = 7*g - 6. Let j(h) = 5*m(h) - 3*t(h). What is j(d)?
8
Let q(n) = -n - 1. Let k be q(-3). Let w(a) = 20*a**3 + 8*a**2 + 6*a + 14. Let g(s) = 7*s**3 + 3*s**2 + 2*s + 5. Let h(t) = 17*g(t) - 6*w(t). What is h(k)?
1
Let r(q) = -q + 2. Let f be -1 - (-1 + 1 + -3). Suppose f = -3*v + 2*v. Let b = -2 - v. Give r(b).
2
Suppose -3*y - 1 = 3*z - 4, 3 = -3*z. Suppose b + 0 = 3*s - 2, -2*s - 4 = y*b. Let h(u) = 3*u - 1. Give h(b).
-7
Let z(l) be the second derivative of -1/12*l**4 + 0 + 0*l**3 - l - 3*l**2. Suppose -10*i = -11*i + 4*x + 8, -4*i + 3*x + 6 = 0. Determine z(i).
-6
Let h(y) = 4*y**3 + 5*y**2 - 1 - y - y**2 - 5*y**3. Calculate h(3).
5
Let i(m) = -m**3 + 8*m**2 - 6*m - 10. Let y be i(7). Let j(a) = -a + 1. Calculate j(y).
4
Let m(d) be the first derivative of -d**4/4 - 2*d**3 - 3*d**2/2 + d + 13. Determine m(-5).
-9
Let o(k) be the first derivative of -2*k**3/3 + 2*k**2 + 4*k - 19. Give o(4).
-12
Let b(d) = d + 6. Let c be b(-5). Let v(y) be the second derivative of y**3/6 + 4*y. Give v(c).
1
Let b(z) = z**3 + 6*z**2 + 3. Let g be b(-6). Suppose -g*m + 6 = -9. Let x(r) = r**3 - 4*r**2 - 7*r + 4. What is x(m)?
-6
Let s = -6 - -8. Let h(d) = 0*d + 14*d**2 - 1 - 13*d**s - 5*d. Determine h(4).
-5
Let b(s) = -2*s**3 + 2*s**2 - s. Let k(l)